1501264
Convert 10221220101 (base 4) to base 11.
762a13
-11110000111000000 (base 2) to base 12
-5b454
Convert 20122220122011 (base 3) to base 4.
31200203200
Convert -114300032 (base 5) to base 11.
-33a213
20140320 (base 5) to base 13
58946
3816a (base 12) to base 4
102213202
425523 (base 8) to base 16
22b53
Convert -348669 (base 11) to base 4.
-2013003032
-11202112112 (base 3) to base 6
-2001452
Convert -112330123001 (base 4) to base 15.
-7dc1c2
What is 202402543 (base 6) in base 8?
15225177
3266301 (base 7) to base 13
111684
What is 200450 (base 8) in base 3?
10100022020
What is 383cb (base 13) in base 3?
12021120101
-1245154 (base 8) to base 7
-2642611
Convert -3025217 (base 8) to base 9.
-1444648
-10119136 (base 11) to base 4
-1023003131322
Convert 52b07 (base 16) to base 14.
8b607
What is -11010202200221 (base 3) in base 4?
-20121011200
44332324 (base 6) to base 3
2111210002121
Convert 22402332 (base 5) to base 16.
30e96
Convert 176325 (base 10) to base 8.
530305
What is -4a016a (base 12) in base 9?
-2233071
What is -1112466 (base 7) in base 5?
-13402122
-2453040 (base 8) to base 7
-5520644
-20023421 (base 6) to base 5
-121011034
121110230 (base 4) to base 15
20aee
What is -1000000010010010001 (base 2) in base 6?
-5351013
Convert 21158334 (base 9) to base 4.
212321012023
What is cab092 (base 14) in base 2?
11010001100110110001000
11100111101000111001 (base 2) to base 10
948793
What is -703737 (base 9) in base 5?
-101304011
Convert 405b97 (base 14) to base 3.
11002002222120
What is -1003701 (base 10) in base 8?
-3650265
-60564 (base 8) to base 15
-75d3
Convert -11212112302 (base 4) to base 3.
-2202120110221
Convert 31012 (base 4) to base 12.
59a
What is 103a7b (base 16) in base 15?
1601d2
Convert -16a6a47 (base 11) to base 7.
-33410634
2706746 (base 8) to base 16
b8de6
1000202033 (base 4) to base 15
534c5
9a7899 (base 12) to base 3
11121222210000
Convert 40135454 (base 6) to base 12.
46758a
Convert -104c09 (base 13) to base 9.
-642145
-10101101011001110000 (base 2) to base 12
-2a3040
-458182 (base 9) to base 14
-72300
What is 325103 (base 6) in base 10?
27039
-30302310320 (base 4) to base 8
-14626470
67940a (base 12) to base 5
410414112
What is 150226 (base 8) in base 12?
26a9a
-800939 (base 13) to base 12
-bb3a35
11111001001101001111011 (base 2) to base 8
37115173
403854 (base 12) to base 2
11110100100100000000
-12014202 (base 5) to base 4
-122333120
77471 (base 10) to base 3
10221021022
Convert -853208 (base 9) to base 8.
-1737242
3742477 (base 8) to base 6
34052515
2a4007 (base 13) to base 5
231140431
What is ec4cb1 (base 16) in base 3?
1002010202222100
Convert -9de0 (base 15) to base 8.
-101346
Convert 4342203230 (base 5) to base 2.
100011100111000000011111
What is 101111212121111 (base 3) in base 6?
315432021
-21d30d (base 14) to base 11
-7162a1
What is -35234555 (base 6) in base 12?
-448a5b
Convert -160441 (base 7) to base 13.
-11404
What is -144103411 (base 6) in base 14?
-57d451
What is -4903d9 (base 14) in base 3?
-11200220100211
-31023055 (base 6) to base 15
-12895e
Convert 5034375 (base 8) to base 10.
1325309
Convert 1002222211 (base 3) to base 15.
672a
What is 4605735 (base 9) in base 14?
489502
5cc2 (base 14) to base 13
7515
-1202201222210 (base 3) to base 8
-3453233
What is 1b045a (base 15) in base 14?
264083
Convert 117015 (base 11) to base 13.
662a9
-110444 (base 11) to base 16
-2b060
-aa132 (base 11) to base 12
-78630
What is ecd6f (base 16) in base 15?
142680
Convert 304618 (base 9) to base 14.
49b38
Convert -250120 (base 8) to base 9.
-141082
Convert 346020 (base 9) to base 15.
41873
-2223140002 (base 5) to base 2
-10010101011010111111100
-152729 (base 12) to base 16
-57291
3465127 (base 9) to base 15
270241
What is -21020212011 (base 3) in base 2?
-100010110110111100
202420 (base 9) to base 7
1006362
-76c68 (base 15) to base 14
-9b78b
What is -9795c (base 13) in base 6?
-5512350
2406958 (base 10) to base 2
1001001011101000101110
Convert -af15 (base 16) to base 4.
-22330111
Convert -15157534 (base 9) to base 12.
-2636027
Convert 12676 (base 9) to base 7.
33666
Convert 1010101101101000110111 (base 2) to base 8.
12555067
200202012021 (base 3) to base 4
1122011320
Convert 67526755 (base 8) to base 3.
1000110102112122
What is -4467036 (base 10) in base 4?
-101002211130
What is -59355 (base 10) in base 11?
-4065a
What is 133605 (base 9) in base 7?
456230
Convert 13390803 (base 10) to base 5.
11412001203
Convert -23104310 (base 5) to base 13.
-731b0
Convert 295b41 (base 12) to base 4.
2221210201
What is 17531054 (base 8) in base 10?
4108844
Convert 1094564 (base 10) to base 13.
2c4293
What is -120211100111100 (base 3) in base 5?
-4123132222
What is -2400120 (base 5) in base 7?
-241440
What is 129103 (base 12) in base 15?
60a03
19b9a (base 13) to base 6
1024544
What is -20211022122012 (base 3) in base 2?
-1101110101101111000000
Convert -24652706 (base 8) to base 7.
-64264404
What is -10011010102 (base 3) in base 6?
-1155145
-64376 (base 10) to base 12
-31308
-10110110101000001 (base 2) to base 6
-2000521
Convert -1101222000000 (base 3) to base 11.
-470446
Convert 27ac4 (base 15) to base 7.
1040110
-31188 (base 9) to base 8
-50135
Convert 13256008 (base 9) to base 14.
c20969
210323210031 (base 4) to base 8
44734415
What is 21330221200 (base 4) in base 12?
a59114
What is -5b4b7 (base 14) in base 2?
-110110011111101001
400a (base 14) to base 10
10986
133303014 (base 5) to base 6
22335414
What is 2273722 (base 10) in base 4?
20223012322
What is -1b349 (base 12) in base 13?
-1540b
Convert 31137106 (base 8) to base 6.
353302130
-86963 (base 13) to base 16
-3b648
Convert bb0b00 (base 15) to base 8.
41777133
What is -11100030 (base 4) in base 12?
-10550
Convert -213536 (base 10) to base 11.
-136484
Convert -110130322 (base 4) to base 7.
-466141
Convert 1046874 (base 9) to base 11.
354903
342625 (base 7) to base 13
21a12
What is -3322242212 (base 5) in base 10?
-7227807
45f289 (base 16) to base 4
101133022021
What is -3c9d29 (base 16) in base 9?
-7424080
-40276 (base 11) to base 3
-2222210002
7a17c (base 14) to base 15
5cd73
-24ac5e (base 16) to base 4
-21022301132
335354321 (base 6) to base 11
351613a
Convert -3027698 (base 13) to base 16.
-de13d3
What is 57d19 (base 16) in base 10?
359705
32640114 (base 7) to base 3
12022002102100
What is 9b9186 (base 12) in base 13?
68c475
Convert 85099 (base 11) to base 13.
44511
Convert -1282098 (base 10) to base 9.
-2363633
Convert 2201112021 (base 3) to base 10.
53602
Convert -daa9 (base 16) to base 13.
-1c62c
-10021112210002 (base 3) to base 4
-12221200133
-1722964 (base 15) to base 4
-1000021203301
What is 45674e (base 15) in base 14?
62328c
What is -6b651 (base 16) in base 2?
-1101011011001010001
Convert -310202233 (base 4) to base 16.
-348af
-1464735 (base 8) to base 4
-1212213131
-145051255 (base 6) to base 7
-34556231
What is 202522 (base 6) in base 3?
211012012
Convert -448a165 (base 11) to base 10.
-7861078
110214 (base 13) to base 10
400209
162e0 (base 15) to base 8
213557
What is 1200 (base 16) in base 7?
16302
Convert 4a24a7 (base 11) to base 8.
3016425
Convert 20112220021221 (base 3) to base 16.
35213e
What is -62473 (base 10) in base 15?
-1379d
What is 17594 (base 12) in base 14?
c3a8
Convert 2121020331 (base 5) to base 15.
5d4711
What is -1001001001110001000010 (base 2) in base 13?
-660105
Convert 8784536 (base 9) to base 7.
55061004
Convert -915c30 (base 15) to base 16.
-695b2c
What is -113245122 (base 6) in base 12?
-8637a2
What is 2230001 (base 7) in base 4?
1003122110
4104510 (base 6) to base 13
6ac68
Convert -42444330 (base 5) to base 8.
-1275654
-1559790 (base 10) to base 14
-2c8618
What is -23334214 (base 5) in base 16?
-34796
What is -1698738 (base 10) in base 12?
-69b096
Convert 747dc2 (base 16) to base 6.
431344150
What is -112101220110121 (base 3) in base 7?
-122031214
What is -100100000101110 (base 2) in base 5?
-1042403
Convert 728688 (base 9) to base 13.
122042
2392915 (base 11) to base 14
7a49a3
2721792 (base 11) to base 9
8755878
Convert -15132654 (base 7) to base 11.
-8a1558
What is 435 (base 14) in base 15?
3a6
What is -6f97c (base 16) in base 14?
-bc80c
Convert -100320112323 (base 4) to base 2.
-10000111000010110111011
Convert -1e1944 (base 16) to base 10.
-19